Calculate the remainder when 114 is divided by -2*(-1)/2*b/(-3).
34
Suppose -19*z = -5639 + 1440. Let r = 242 - z. Calculate the remainder when 101 is divided by r.
17
Let j(t) = -3*t - 21. Let a be j(-15). Suppose -o = -a + 5. Let i(v) = v**3 + 6*v**2 - 2*v. What is the remainder when i(-5) is divided by o?
16
Suppose 211474 = 126*q - 155747 + 68979. Calculate the remainder when 4743 is divided by q.
9
Let i(u) be the third derivative of -u**5/60 + 2*u**4/3 - 13*u**3/3 - 2*u**2. Let r be 252/147*(1 - -6). What is the remainder when 85 is divided by i(r)?
19
Suppose -2*b - w = -880, 3*b + 431*w = 433*w + 1299. Calculate the remainder when b is divided by 44.
41
Let h be 38/14 + 16/7 + -2. Calculate the remainder when h/(6/8) + 73 is divided by 202/5 + (-12)/30.
37
Suppose t + 14*n = 19*n - 653, 2*t = -2*n - 1270. Let d = -609 - t. What is the remainder when 83 is divided by d?
25
Let h = 1675 + -1651. What is the remainder when h is divided by 17?
7
Let y = 58 - 30. Suppose j + 6 = y. What is the remainder when j is divided by (-99)/792 - (516/(-32) + 4)?
10
Let r(l) = 12*l - 18. Let j(n) = -n + 3. Let u be j(0). Suppose 4*s - 54 = f, s - 18 = -u*f + f. Calculate the remainder when r(6) is divided by s.
12
Let i(u) = u**3 - 62*u**2 + 141*u - 1010. Calculate the remainder when 824 is divided by i(60).
74
Let g(c) = -212*c + 333. Calculate the remainder when g(-5) is divided by 281.
269
What is the remainder when 185 is divided by (0 - -70)/(-1)*(182 + -183)?
45
Let g(i) = -i**2 - 16*i + 2. Let j = -22 + 8. Let c(v) = v**2 + 16*v - 48. Calculate the remainder when c(5) is divided by g(j).
27
Let c(d) = -4*d**3 + 4*d**2 + 3*d. Let q be c(-3). Let t = -6 + q. Let n = -89 + t. Calculate the remainder when n is divided by 11.
7
Suppose -599 = -5*g + 131. Let d = g - 127. What is the remainder when d is divided by 11?
8
Let w be 5/3 + 10/30 + 1. Suppose -8 = -w*r - r. Suppose 0 = -r*t + 79 + 129. Calculate the remainder when t is divided by 35.
34
Suppose 25*b - 22*b - 99 = -d, -5*d + 430 = 2*b. Calculate the remainder when d is divided by 44.
40
Let x be -10 + 0 + (-2 - -3). Let j be 9/6*132/x. What is the remainder when 32 is divided by -34*(27/45 + j/20)?
15
What is the remainder when (-4)/(-30) - 85556/(-30) is divided by 17?
13
Let k(u) = -u**3 + 4*u**2 + 4*u + 3. Let c = -212 + 124. Let t = -59 - c. What is the remainder when k(-4) is divided by t?
28
Let q = -325 + 349. What is the remainder when q is divided by 26*(-5)/(-10*1)?
11
What is the remainder when (-25)/10*1436/(-10) is divided by 107?
38
Let q(u) = -6*u + 3. Let p(s) = -2*s - 2. Let t(m) = -10*p(m) + 5*q(m). What is the remainder when t(-11) is divided by 21?
19
Let z be 1*(-3)/1 + 56/8. Suppose -z*x + 5*y = 39, -2*x - y = -2*y + 15. Let s = 13 + x. What is the remainder when 27 is divided by s?
6
Suppose 1999*n - 1996*n - 111 = 0. Let a(r) = r**3 - 6*r**2 + 7*r - 6. What is the remainder when n is divided by a(5)?
1
Suppose 0 = 88*c + 85*c - 162*c - 22. Suppose -2*k = 2 - 10. Suppose -k*a + 37 = -a - 5*b, 0 = -2*a + 4*b + 28. Calculate the remainder when a is divided by c.
0
Suppose -l + 1 = 0, 6*l - 281 = 3*v + 4*l. Let p be 1 - ((-2046)/(-18) - 4/6). Let n = v - p. What is the remainder when 33 is divided by n?
14
Suppose 2*a - 2*g - 28 = 0, a - 2*a + 14 = -3*g. Let j be 4*4/24 - 3242/(-6). Suppose -j - 851 = -29*m. Calculate the remainder when m is divided by a.
6
What is the remainder when (-32802)/(-18) + (-22)/165*10 is divided by 83?
78
Let d(w) = -2*w + 70. Let c be d(17). Suppose -180 = 6*t - 2*t. What is the remainder when 45 is divided by 16/((c/t)/((-6)/5))?
21
Let i(l) = -17*l + 29*l + 19*l - 26*l**2 + 104 + l**3 + 3 + 15*l. What is the remainder when i(24) is divided by (-133)/(-4) - (-1)/(-4)?
26
Suppose -3*g + 364 = 4*g. Suppose n = g + 8. Suppose -n = -8*m + 6*m. What is the remainder when m is divided by 17?
13
Let h(o) = -o - 6. Let m be h(-6). Suppose m*r = -4*r + 4*s + 24, -r = 3*s - 14. Suppose r*d = 4*d + 64. Calculate the remainder when d is divided by 6.
4
Suppose 1496 = 30*r - 25*r + 3*u, 3*r = 2*u + 909. Calculate the remainder when r is divided by 40.
21
Let l = 975 + -923. Suppose -1835 = -8*o + 3*o + 4*z, 1468 = 4*o - z. Let y = o - 216. Calculate the remainder when y is divided by l.
47
Let x be 8*(2 - 250/8). Let y = x - -276. Calculate the remainder when 91 is divided by y.
7
Suppose q = 2*w + 49, -26*q + 22*q + 206 = -3*w. Calculate the remainder when 174 is divided by q.
15
Suppose 2*t = 2*w, -3*w + 5*t + 4 = 4*t. Let d(p) = 41 - 20*p**3 + 12*p**2 + 21*p**3 - 15 - p + w*p. Calculate the remainder when 25 is divided by d(-12).
11
Let m(z) = -z - 3. Let n(i) = 17*i - 65. Let w(k) = -3*m(k) - n(k). Calculate the remainder when 87 is divided by w(4).
15
Suppose 550 = 20*r - 15*r. Suppose -5*m - 18 = -4*v + r, -v = 2*m - 19. Calculate the remainder when 187 is divided by v.
25
Let t(g) = -g**3 - g**2 + 2*g + 22. Suppose 83*b - 465 = 78*b. Let l = b + -53. What is the remainder when l is divided by t(0)?
18
What is the remainder when 112/(-60) - -2 - (5 - (-62032)/(-60)) is divided by 337?
18
Let k be 92/2 + (-8 - -10). Calculate the remainder when 4/24 - (-3304)/k is divided by 8.
5
Suppose -1984 + 12589 + 2505 = 46*p. Calculate the remainder when p is divided by 104.
77
Suppose 0 = 7*y - 2*y - 5*s - 540, 0 = -5*y + s + 532. Suppose -y*r + 597 = -103*r. What is the remainder when r is divided by 50?
49
Let b(o) = -141*o - 5242. Calculate the remainder when b(-44) is divided by 80.
2
Suppose 5*p + 45 = 5*g, -5*g - p = -43 - 26. Suppose -2*v + 2*i + 68 = -0*v, -77 = -2*v - i. What is the remainder when v is divided by g?
11
Suppose -2926*p + 3032*p - 747194 = 0. What is the remainder when p is divided by 6?
5
Let u = -156 - -172. Suppose 0 = -2*z - b + 7, -z + 4*b = -2*z. Suppose z*y - 299 = 4*c + 29, 67 = y + 2*c. Calculate the remainder when y is divided by u.
13
Let f = 191 + -170. Suppose 0 = 35*b - f*b - 140. What is the remainder when b is divided by 6?
4
Suppose 5*s - 10084 = -4*t, -152*s + 155*s + 2521 = t. What is the remainder when t is divided by 97?
96
Suppose -54*t = -695 - 223. Suppose -1339 = -5*g - 3*a, 4*g - 5*a = 1587 - 501. What is the remainder when g is divided by t?
14
Let l = -2414 + 2603. What is the remainder when l is divided by 53 - 5/((-15)/(-12))?
42
Let s(j) = j + 17. Calculate the remainder when (-3 - 20/(-12))/((-12)/306) is divided by s(-5).
10
Let o(d) = -51*d**2 - 29 - 7*d**2 + 75*d**2 + 0*d**3 - 21*d + d**3. What is the remainder when 59 is divided by o(-18)?
9
Let z(q) = -2*q + 400 + 377 - 729 - q**2. Calculate the remainder when z(0) is divided by 13.
9
Suppose 4*d + 438 = 2*w, -161*w - 2*d = -157*w - 856. What is the remainder when w is divided by 43?
0
Let j(b) = b**3 + 13*b**2 + 11*b - 4. Let d(f) = 5*f + 6. What is the remainder when d(24) is divided by j(-12)?
6
Suppose 72 = c - 5*a, -7*c + 2*a = -0*a - 339. What is the remainder when c is divided by 26?
21
Let r(x) = 19*x**2 + 17*x + 1. What is the remainder when 124 is divided by r(-2)?
38
Calculate the remainder when -3*(((-100)/(-8))/25 + 4223/(-6)) is divided by 191.
9
Suppose -8072 + 1383 = -3*w - 2*q, 11145 = 5*w + 5*q. What is the remainder when w is divided by 77?
75
Suppose 5*j - 37 = -29*l + 28*l, -439 = -6*l + j. Calculate the remainder when l is divided by 7.
2
Suppose -3*s - 52 = 2*t, -t - 5*s + 20 = -3*t. What is the remainder when ((-6)/(-4))/((-6)/t) is divided by 4?
1
Let m(k) = -20*k + 59. Let i(x) = 14*x - 58. Let t(o) = 6*i(o) + 5*m(o). Calculate the remainder when 668 is divided by t(-4).
8
Let n = 7 + 15. Suppose s - 3*w - 159 = 0, 0 = 14*s - 11*s + 2*w - 455. What is the remainder when s is divided by n?
21
What is the remainder when 299 is divided by (94/(-8))/(24 - 485/20)?
17
Suppose -17 - 28 = -9*h. Let k be (h/10)/(((-5)/32)/5). Let q(c) = 2*c**2 + 33*c + 24. What is the remainder when q(k) is divided by 6?
2
Let k = -637 + 900. Suppose 4*p - 346 = -31*c + 33*c, -2*p + 183 = c. Calculate the remainder when k is divided by p.
85
Suppose 33398 = 3*i - 5*s, 4*i + 4*s + 22264 = 6*i. Calculate the remainder when 74 is divided by i/448 - 2/(-14).
24
Let j = -61 - -62. What is the remainder when 53 is divided by j/((-265)/45 - -6)?
8
